{"id":1043,"date":"2016-05-21T14:51:38","date_gmt":"2016-05-21T14:51:38","guid":{"rendered":"http:\/\/192.155.192.186\/~minister\/new\/?page_id=1043"},"modified":"2020-05-15T20:09:48","modified_gmt":"2020-05-16T01:09:48","slug":"peticiones-y-consejeria","status":"publish","type":"page","link":"http:\/\/ministeriorestitucion.org\/?page_id=1043","title":{"rendered":"Peticiones y Consejer\u00eda"},"content":{"rendered":"\n    <div id=\"wk-0fa\" class=\"uk-flex uk-flex-center uk-flex-middle uk-overflow-hidden uk-text-center uk-contrast \" style=\"height: 300px; background-image: url(wp-content\/uploads\/portadas-ministerio-1.png);\" data-uk-parallax=\"{bg: -1}\">\n        <div class=\"uk-width-9-10 uk-width-small-4-5 uk-width-medium-2-3 uk-width-large-1-2 uk-panel\">\n\n            \n                        <div data-uk-parallax=\"{viewport: 1,velocity: 0.5}\">\n\n                                <div class=\"uk-text-large\"><\/br>\n<\/br>\n<h2>\n    Si dos de ustedes se ponen de acuerdo aqu\u00ed en la tierra para pedir algo en oraci\u00f3n, mi Padre que est\u00e1 en el cielo se lo dar\u00e1. Mateo 18:19,DHH\n<\/h2><\/div>\n                \n                \n            <\/div>\n            \n        <\/div>\n    <\/div>\n\n\r\n\n<div >\n\n\n    \n    <div class=\"uk-grid uk-text-center uk-flex-middle\" data-uk-grid-match data-uk-margin=\"{cls:'uk-margin-top'}\">\n\n        \n                <div class=\"uk-width-1-1\" >\n            <div class=\"uk-panel uk-panel-space uk-width-1-1\">\n\n                \n                                <h3 class=\"uk-h2\">\n\n                                            <a class=\"uk-link-reset\" href=\"http:\/\/ministeriorestitucion.org\/?p=291\">PETICIONES Y CONSEJER\u00cdA<\/a>\n                    \n                    \n                <\/h3>\n                \n                                <div class=\"uk-margin\"><p class=\"Estilo5\" align=\"center\">Filipenses 4:6 Por NADA est\u00e1is afanosos, sino sean conocidas vuestras <strong>peticiones<\/strong> delante de Dios en toda oraci\u00f3n ruego, con acci\u00f3n de gracias.<\/p>\r\n<p class=\"Estilo5\" align=\"center\">Salmo 37:4 Del\u00e9itate asimismo en el Se\u00f1or, y El te conceder\u00e1 las <strong>peticiones<\/strong> de tu coraz\u00f3n<\/p>\r\n<p class=\"Estilo5\" align=\"center\">Proverbios 11:14 Donde no hay direcci\u00f3n sabia, caer\u00e1 el pueblo, mas en la multitud de consejeros hay seguridad.<\/p>\r\n<p class=\"Estilo5\" align=\"center\">Proverbios 12:15 El camino del necio es derecho en su opini\u00f3n, mas el que obedece el consejo es sabio.<\/p>\r\n<p class=\"Estilo5\" align=\"center\">Proverbios 15:22 Los pensamientos son frustrados donde no hay consejo, mas en la multitud de consejeros se afirman<\/p>\r\n<div><a href=\"\/?page_id=1095\"<button class=\"uk-button uk-button-large\">Para solicitar oraci\u00f3n por tu petici\u00f3n da clic aqu\u00ed!<\/button><\/a><\/div><\/div>\n                \n                \n                \n            <\/div>\n        <\/div>\n        \n    <\/div>\n\n    \n\n<\/div>\n","protected":false},"excerpt":{"rendered":"","protected":false},"author":1,"featured_media":0,"parent":0,"menu_order":0,"comment_status":"closed","ping_status":"closed","template":"","meta":[],"_links":{"self":[{"href":"http:\/\/ministeriorestitucion.org\/index.php?rest_route=\/wp\/v2\/pages\/1043"}],"collection":[{"href":"http:\/\/ministeriorestitucion.org\/index.php?rest_route=\/wp\/v2\/pages"}],"about":[{"href":"http:\/\/ministeriorestitucion.org\/index.php?rest_route=\/wp\/v2\/types\/page"}],"author":[{"embeddable":true,"href":"http:\/\/ministeriorestitucion.org\/index.php?rest_route=\/wp\/v2\/users\/1"}],"replies":[{"embeddable":true,"href":"http:\/\/ministeriorestitucion.org\/index.php?rest_route=%2Fwp%2Fv2%2Fcomments&post=1043"}],"version-history":[{"count":3,"href":"http:\/\/ministeriorestitucion.org\/index.php?rest_route=\/wp\/v2\/pages\/1043\/revisions"}],"predecessor-version":[{"id":1666,"href":"http:\/\/ministeriorestitucion.org\/index.php?rest_route=\/wp\/v2\/pages\/1043\/revisions\/1666"}],"wp:attachment":[{"href":"http:\/\/ministeriorestitucion.org\/index.php?rest_route=%2Fwp%2Fv2%2Fmedia&parent=1043"}],"curies":[{"name":"wp","href":"https:\/\/api.w.org\/{rel}","templated":true}]}}